ctor of 372 and 651?
93
Calculate the highest common divisor of 1428 and 336.
84
What is the greatest common divisor of 1941 and 6?
3
Calculate the highest common factor of 333 and 99.
9
Calculate the greatest common factor of 270 and 1590.
30
What is the highest common factor of 52 and 910?
26
What is the highest common divisor of 2149 and 7?
7
What is the highest common divisor of 889 and 14?
7
What is the highest common factor of 13195 and 812?
203
Calculate the greatest common divisor of 6 and 15228.
6
What is the highest common divisor of 6974 and 22?
22
Calculate the highest common divisor of 1055 and 1688.
211
Calculate the greatest common divisor of 14 and 294.
14
Calculate the highest common divisor of 10185 and 210.
105
What is the highest common divisor of 14940 and 120?
60
Calculate the highest common divisor of 1225 and 25.
25
Calculate the greatest common factor of 217 and 14.
7
Calculate the highest common divisor of 118 and 27966.
118
What is the highest common divisor of 9 and 36027?
9
What is the greatest common divisor of 938 and 1072?
134
Calculate the greatest common factor of 5894 and 63.
7
What is the greatest common factor of 1075 and 301?
43
Calculate the highest common divisor of 72 and 954.
18
What is the highest common divisor of 32782 and 222?
74
What is the greatest common divisor of 2288 and 16?
16
Calculate the greatest common factor of 44 and 2629.
11
Calculate the greatest common factor of 171 and 152.
19
Calculate the highest common factor of 2 and 1094.
2
What is the highest common factor of 7 and 1960?
7
What is the highest common divisor of 3782 and 62?
62
Calculate the greatest common factor of 5 and 415.
5
Calculate the greatest common factor of 110 and 11275.
55
Calculate the greatest common factor of 675 and 585.
45
Calculate the highest common factor of 6 and 3879.
3
What is the highest common divisor of 686 and 476?
14
Calculate the greatest common factor of 565 and 55.
5
Calculate the greatest common factor of 407 and 297.
11
What is the highest common divisor of 11 and 253?
11
Calculate the greatest common factor of 150 and 282.
6
What is the greatest common divisor of 38 and 2?
2
What is the highest common factor of 147 and 45?
3
Calculate the highest common divisor of 140 and 245.
35
What is the highest common divisor of 36 and 144?
36
Calculate the greatest common factor of 28 and 126.
14
Calculate the highest common factor of 114 and 1786.
38
What is the highest common divisor of 120 and 32?
8
What is the greatest common factor of 17952 and 68?
68
What is the highest common factor of 282 and 25850?
94
What is the greatest common divisor of 3906 and 63?
63
What is the greatest common divisor of 663 and 34?
17
What is the highest common divisor of 172 and 3182?
86
What is the greatest common factor of 40 and 32?
8
Calculate the highest common factor of 13 and 481.
13
What is the highest common factor of 20 and 12?
4
What is the highest common divisor of 22 and 572?
22
Calculate the greatest common divisor of 7026 and 6.
6
Calculate the highest common factor of 4 and 3.
1
What is the greatest common factor of 17 and 93?
1
What is the highest common factor of 3285 and 45?
45
What is the highest common factor of 144 and 36?
36
Calculate the greatest common factor of 42 and 189.
21
Calculate the greatest common factor of 1760 and 192.
32
Calculate the greatest common divisor of 370 and 296.
74
Calculate the greatest common divisor of 1647 and 5673.
183
What is the greatest common divisor of 287 and 203?
7
What is the greatest common divisor of 137 and 1?
1
Calculate the highest common divisor of 4 and 254.
2
Calculate the greatest common divisor of 32 and 356.
4
Calculate the greatest common divisor of 29978 and 26.
26
Calculate the greatest common factor of 53438 and 14.
14
What is the highest common factor of 2530 and 70?
10
Calculate the highest common factor of 46 and 34.
2
Calculate the greatest common divisor of 110 and 22.
22
Calculate the greatest common factor of 109 and 1417.
109
Calculate the greatest common factor of 24 and 19128.
24
What is the greatest common divisor of 18 and 90?
18
Calculate the highest common divisor of 106 and 56816.
106
Calculate the greatest common divisor of 30616 and 43.
43
What is the greatest common factor of 704 and 297?
11
What is the highest common divisor of 19 and 2052?
19
What is the greatest common factor of 141 and 517?
47
What is the greatest common factor of 11 and 99?
11
What is the highest common factor of 63 and 5607?
63
Calculate the greatest common divisor of 129 and 43.
43
What is the highest common divisor of 295 and 767?
59
What is the highest common factor of 108 and 45?
9
Calculate the highest common factor of 387 and 1763.
43
Calculate the greatest common divisor of 604 and 28.
4
What is the highest common divisor of 309 and 721?
103
Calculate the highest common factor of 20 and 590.
10
Calculate the greatest common divisor of 6313 and 531.
59
What is the greatest common factor of 19 and 15770?
19
Calculate the highest common factor of 75 and 303.
3
What is the greatest common divisor of 26 and 286?
26
Calculate the greatest common divisor of 48 and 648.
24
Calculate the greatest common factor of 3945 and 15.
15
Calculate the highest common factor of 1235 and 780.
65
Calculate the highest common factor of 3087 and 84.
21
What is the highest common divisor of 768 and 60?
12
What is the greatest common divisor of 7 and 21?
7
Calculate the greatest common factor of 84 and 560.
28
What is the greatest common factor of 74 and 148?
74
Calculate the highest common factor of 1075 and 387.
43
What is the highest common factor of 22 and 176?
22
What is the greatest common factor of 12 and 78?
6
Calculate the greatest common factor of 2114 and 28.
14
What is the greatest common factor of 114 and 76?
38
Calculate the highest common factor of 22554 and 882.
126
What is the highest common factor of 2493 and 45?
9
Calculate the greatest common factor of 86 and 12040.
86
Calculate the greatest common factor of 164 and 574.
82
What is the greatest common divisor of 330 and 270?
30
Calculate the highest common divisor of 36 and 612.
36
What is the greatest common factor of 42 and 448?
14
Calculate the highest common factor of 54 and 999.
27
What is the greatest common divisor of 104 and 16?
8
What is the highest common divisor of 182 and 1365?
91
Calculate the highest common factor of 32070 and 20.
10
Calculate the highest common divisor of 546 and 5824.
182
Calculate the greatest common factor of 54 and 243.
27
What is the highest common factor of 1026 and 4598?
38
Calculate the highest common divisor of 40 and 890.
10
What is the highest common divisor of 87 and 6?
3
Calculate the highest common factor of 4324 and 92.
92
What is the highest common divisor of 12 and 2348?
4
What is the highest common divisor of 99 and 36?
9
What is the greatest common divisor of 5728 and 537?
179
What is the greatest common factor of 80 and 15?
5
Calculate the highest common factor of 116 and 899.
29
Calculate the highest common factor of 5 and 20.
5
What is the highest common factor of 3564 and 176?
44
Calculate the greatest common factor of 728 and 11336.
104
What is the highest common divisor of 1188 and 44?
44
Calculate the greatest common factor of 7361 and 34.
17
What is the greatest common factor of 12897 and 18?
9
What is the highest common factor of 1222 and 182?
26
What is the highest common divisor of 10765 and 15?
5
Calculate the greatest common divisor of 58 and 2987.
29
Calculate the greatest common factor of 17956 and 268.
268
What is the highest common factor of 72 and 888?
24
Calculate the highest common factor of 378 and 119.
7
Calculate the greatest common divisor of 24 and 39.
3
What is the highest common divisor of 13 and 377?
13
What is the greatest common divisor of 648 and 16?
8
What is the highest common factor of 5922 and 94?
94
What is the greatest common divisor of 75 and 25?
25
What is the greatest common divisor of 3170 and 370?
10
Calculate the highest common divisor of 437 and 57.
19
What is the highest common factor of 2100 and 1470?
210
What is the highest common divisor of 72 and 120?
24
Calculate the greatest common factor of 99 and